 = -378*t. What is the highest common factor of 825 and t?
33
Let f = -531 + 549. What is the greatest common divisor of 4338 and f?
18
Let x = -240 + 244. Let z(p) = -p**2 - 7*p - 4. Suppose -2*i + 5 = b - 1, 4*i = -5*b. Let t be z(b). Calculate the greatest common divisor of x and t.
4
Let h(l) = 10*l**2 + l + 2. Let z be h(-1). What is the highest common factor of z and 143?
11
Let l = -204 - -1865. Calculate the highest common factor of l and 22.
11
Let j be -3 - (-4 - 3) - -1. Let t be 4/6*3*1. Let h be (-20)/(-16)*2*t. Calculate the highest common divisor of h and j.
5
Suppose 5*h + 5*o = 655, 5*h - 587 = -3*o + 70. Suppose 2*s = -2*s + h. What is the greatest common divisor of 3 and s?
3
Let q be (6 - 2)/(-1) + 16. What is the highest common factor of 24 and q?
12
Suppose 2*q - 342 = 288. Calculate the highest common divisor of q and 126.
63
Let s be (-1033 + 1)/(39/((-2145)/22)). What is the greatest common divisor of 30 and s?
30
Suppose -1461 - 1392 = -56*a + 5659. Let z be ((-38)/6)/((-1)/3). Calculate the greatest common divisor of z and a.
19
Let g be -2 - (2 + -2 - 18). Let h = 39 - 15. What is the greatest common divisor of h and g?
8
Let t be (19/4)/((-2)/(-8)). Let s be (7/(-2) - 2/(-4)) + 21. Suppose -3*y + b = -2*y - s, -96 = -5*y - b. Calculate the greatest common factor of y and t.
19
Let u be (443 - 6) + -5 + -2 + 2. What is the highest common factor of 27 and u?
27
Let y(f) = 2*f**2 - 24*f + 75. Let v be y(12). Calculate the greatest common divisor of v and 6.
3
Let u = 631 + -624. What is the highest common factor of u and 3?
1
Let a be 56/(-42)*6/(-4). Suppose -a*y + 114 = 2*h, -7*y - h = -3*y - 213. What is the highest common divisor of 13 and y?
13
Let h(g) = -308*g. Let x be (-5 + 3)*(-1)/(-2). Let s be h(x). Suppose -19*d = -16*d - 84. Calculate the greatest common factor of d and s.
28
Let f be (-1)/(-5) - (-37634)/155. Let w(g) = -4*g + 3. Let c be w(-6). Calculate the highest common divisor of c and f.
27
Let v = -12 - -17. Let q = 38 - 20. Suppose 5*y = -f + 14 - 4, -3*f - 3*y + q = 0. Calculate the greatest common factor of f and v.
5
Let y be 916/16 - 3/12. Calculate the highest common divisor of y and 513.
57
Let x(s) = s**3 - 12*s**2 + 12*s - 13. Let n be x(11). Let q be 410/15 - n/(-6). Let j = -68 + 95. Calculate the greatest common divisor of j and q.
27
Suppose -3*z + 8*z - u = 2530, 3*z + 5*u - 1518 = 0. Calculate the highest common factor of 22 and z.
22
Let n be -1*1 - (-8)/(-8)*-392. What is the greatest common factor of n and 23?
23
Let g(q) = -q**3 - 11*q**2 + q - 1. Let f be g(-11). Let h(y) = -y**2 - 14*y + 2. Let d be h(f). What is the greatest common divisor of 65 and d?
13
Let b(j) = 58*j**2 - 24*j - 9. Let l be b(-3). What is the highest common divisor of l and 30?
15
Suppose -8*g + 3*g - 12 = -b, 3*g + 12 = -b. Let r be (-4 + 13 - 4)/(g/(-30)). Calculate the greatest common divisor of 200 and r.
50
Suppose 0*c + 964 = -3*k - 4*c, k = 5*c - 353. Let q = k - -483. What is the highest common factor of q and 62?
31
Let h(u) = -u + 2. Let k be h(-4). Suppose c - 1512 = -k*c. What is the greatest common factor of 24 and c?
24
Suppose -168 = -69*s + 66*s. Calculate the greatest common divisor of s and 350.
14
Let c(w) = w + 14. Let s be c(18). Suppose 3*g + 0*g = 3, 5*g + 155 = 2*j. What is the highest common factor of s and j?
16
Suppose 16 = -7*h + 9*h. Let r = -7 + h. Let y(z) = 11*z**2. Let u be y(r). Calculate the highest common divisor of 121 and u.
11
Let j(y) = y**3 - y + 1. Let b(q) = q - 6. Let r be b(6). Let l be j(r). Calculate the highest common factor of 9 and l.
1
Suppose 3*t - 159 = -3*w, w = t + 15 - 72. What is the greatest common divisor of t and 10?
5
Let n = -256 + 267. Suppose 3*m = x + 68, -m - 4*x + 14 = -0*x. What is the greatest common divisor of n and m?
11
Let i be (3 + -3)*((-21)/(-6) + -3). Suppose i = 5*o - 6*o + 11. Calculate the greatest common factor of 22 and o.
11
Suppose 880 = 9*x - 7*x. Suppose 19*y - x = 8*y. Calculate the greatest common factor of 8 and y.
8
Let q(m) = -93*m + 12. Let g be q(-5). Calculate the greatest common factor of g and 212.
53
Let z be 2/(1*4/6). Let m be -33 + (z - 7) - 0. Let q = 55 + m. What is the highest common divisor of q and 27?
9
Suppose 416 = 4*b - 5*v, 9*v - 13*v = -2*b + 214. Calculate the greatest common factor of b and 72.
9
Let u be 1/(-2) - 57/2. Let m = u + 31. Suppose -m*k - 8 = -78. Calculate the greatest common factor of 280 and k.
35
Let f be (-4)/(-18) - (-6458)/18. Suppose 431 = 16*s - 33. Suppose y + s - f = 0. What is the highest common factor of y and 30?
30
Let l(r) = -r**3 + 15*r**2 - 18*r + 8. Let i be l(6). Calculate the greatest common divisor of 7 and i.
7
Let b(c) = 14*c**2 - 12*c + 27. Let y be b(3). Suppose 12*d - 10*d = 156. Calculate the highest common divisor of d and y.
39
Let l(j) = -j**2 - 32*j + 30. Let t be l(-28). Let z = t - 78. What is the highest common factor of z and 48?
16
Let q = -101 + 143. What is the greatest common factor of q and 54?
6
Let d = 6 + -4. Suppose -140 = 3*f - 3*a + 7*a, -d*f = -3*a + 82. Let v = f - -65. Calculate the highest common factor of 105 and v.
21
Suppose -v = v - 5*o - 73, 3*v - 99 = -3*o. Let n be ((-2)/5)/((-1)/130). Suppose 6*x - n - 50 = 0. Calculate the highest common divisor of x and v.
17
Let n(u) = 6 - 4*u + 2 - 2*u + 7*u. Let b be 0/(3 - 5) + -5. Let o be n(b). What is the highest common factor of 6 and o?
3
Let p = -93 + 144. What is the highest common divisor of p and 34?
17
Suppose -5 + 12 = j. Suppose -j*d = -0*d - 896. Calculate the greatest common divisor of d and 16.
16
Let g = 504 + -498. What is the highest common divisor of 246 and g?
6
Suppose -63 = 2*w + 5*w. Let d be 12/w*1*-15. Calculate the greatest common divisor of d and 30.
10
Suppose -40*g = -41*g + 91. What is the greatest common divisor of 21 and g?
7
Let p(j) = -j**2 + 54*j - 70. Let k be p(52). What is the greatest common divisor of k and 14?
2
Let z be (-4)/(-6) - ((-1330)/21 + -6). Calculate the highest common factor of 5 and z.
5
Suppose -138 = -16*h + 1494. What is the highest common divisor of h and 170?
34
Let j(b) = 44*b + 1. Let o be j(-1). Let y = 77 + o. Suppose a + 0*a - d - 8 = 0, 5*a = 2*d + y. What is the highest common divisor of a and 30?
6
Let g(t) = 7*t - 274. Let s be g(41). Let n be 6/(-4)*(-20)/6. Suppose 5*m - 4*f = 69, 4*m - 56 + n = -f. What is the greatest common factor of s and m?
13
Suppose 0 = y - 0 + 1. Let x(a) = 138*a**2 + 3*a + 1. Let k be x(y). What is the greatest common factor of 17 and k?
17
Suppose -475 = -5*r + 290. Suppose -8*a + 174 = 38. Calculate the highest common divisor of a and r.
17
Let h be -3*(-1)/((-12)/(-20)). Suppose h*t + j = 78, -3*t - j = -5*t + 27. Calculate the highest common factor of 6 and t.
3
Suppose 4*l - 8 = -n, 47*n = 44*n + 5*l + 109. Suppose 4*m - 210 = m. What is the highest common divisor of m and n?
14
Let q = -4146 + 6217. What is the highest common factor of q and 19?
19
Let g(b) = -b**2 - 9*b - 6. Let y be g(-4). Let v(c) = c**2 + 2*c - 1. Let s be v(-4). Calculate the highest common factor of y and s.
7
Let j be (4/8)/((-11)/(-198)). Calculate the greatest common divisor of j and 63.
9
Suppose -42*i + 1216 = -23*i. What is the highest common factor of 704 and i?
64
Let a(s) = 2*s**2 - s + 12. Let j = 48 - 45. Let d be a(j). What is the greatest common factor of d and 81?
27
Let r = -29 - -39. Let c(v) = -v**2 - 14*v - 9. Let w be c(-7). What is the greatest common factor of w and r?
10
Let h(u) = 25*u + 35. Let t be h(2). What is the highest common divisor of 340 and t?
85
Let k = 364 + -349. Calculate the highest common factor of 465 and k.
15
Let u(i) = i**3 - 2*i**2 - 6*i + 1. Let c be u(4). What is the highest common factor of 81 and c?
9
Let c be 12/(88/192 - (-2)/(-16)). Suppose 72 = -5*y + 9*y - 5*w, 0 = 2*y + 2*w - c. Calculate the greatest common factor of 9 and y.
9
Suppose 80*w + 4*w = 144900. What is the greatest common divisor of w and 23?
23
Let u be 3/12 + (-47)/(-4). Let a be -6 + (5 - 2) + (1 - -86). Calculate the highest common factor of u and a.
12
Let v(x) = x**3 - 26*x**2 - 25*x + 18. Let c be v(27). Suppose -c = 3*a - 450. What is the highest common factor of a and 9?
9
Suppose 